(-16)*-2 + (-21)/(-2). Suppose -2*f - 287 = -m*f. List the prime factors of f.
41
Suppose 0 = -2*k + 5*k - 399. Suppose 5*a - 378 + k = 0. List the prime factors of a.
7
Let a be (0 + (-2)/1)*1. List the prime factors of 7 + 12 - (-1 + a).
2, 11
Let v = 16 - 11. Suppose 0 = -v*b + 61 - 221. Let l = 67 + b. What are the prime factors of l?
5, 7
Let t(z) = -5*z**2 - 3*z + 3. Let d be t(3). Let r = d - -77. What are the prime factors of r?
2, 13
Suppose 4647 = -6*q + 17541. List the prime factors of q.
7, 307
Suppose 2*i - 416 = -u + 176, i + 2*u = 290. Let j = -211 + i. List the prime factors of j.
3, 29
Let h = -14 - -22. Let g(y) = -y**2 + 8*y + 18. Let d be g(h). What are the prime factors of d/(-27)*6*-3?
2, 3
Let p(g) = g**3 - 6*g**2 - 32*g + 111. List the prime factors of p(17).
2, 1373
Suppose 4*k + g - 10417 = 452, 8146 = 3*k - 5*g. List the prime factors of k.
11, 13, 19
Suppose a + 434 = 3*r, -4*r + 7*a = 5*a - 578. Let t = r + -88. List the prime factors of t.
3, 19
Let c(o) = -22*o + 97. List the prime factors of c(-12).
19
Suppose 0 = -4*f + 3*w + 155, 0*w - w - 5 = 0. Suppose -9 = -t + y + f, 2*t + 2*y = 88. What are the prime factors of t?
2, 11
Let s = -145 + 1059. What are the prime factors of s?
2, 457
Let g(y) = y**3 - 7*y**2 + 8*y - 12. Let z be g(6). Suppose 28 = 3*i + 2*i + d, -3*d + 9 = z. Let v(w) = 6*w - 6. What are the prime factors of v(i)?
2, 3
Suppose 4*i - 2*u = 231 + 499, 0 = -i - 5*u + 155. What are the prime factors of i?
2, 3, 5
Suppose -10 = -3*k + k. Suppose 15 = 4*b - 3*w, 0*w = -k*b + 2*w + 10. Suppose b = 4*c + 5*n - 215, -c - 3*n - n = -62. List the prime factors of c.
2, 5
Suppose 0 = 4*k - 5*k + 3. Let y be (-30)/(-8)*8/6. Suppose -z + 15 = y*p, z + p = 2*p + k. What are the prime factors of z?
5
Suppose -4*p + 10*q - 9*q + 3522 = 0, -2*p - 3*q = -1754. List the prime factors of p.
2, 5, 11
Let p be (1 - 3)/(8/60). List the prime factors of ((-85)/p - 5)*846/4.
3, 47
Let t = 120 + -105. Suppose -t*c = -2290 - 2525. List the prime factors of c.
3, 107
Suppose 2*q + 5*p = -17, 3*q + 5*p = -13 - 0. Suppose q*f - f = 447. List the prime factors of f.
149
Let r(n) = 5*n - 11*n + 7*n - 1. Let a(t) = 8*t - 2. Let o(d) = -a(d) + 3*r(d). What are the prime factors of o(-5)?
2, 3
List the prime factors of (-73 - -2077)/(1 - -1).
2, 3, 167
Let i be (2/(-6))/1*-9. Let v = 732 - 730. Suppose 26 = i*b + v. What are the prime factors of b?
2
Suppose -4*q = -21 + 9. Suppose -18*h = -31*h + 39. What are the prime factors of q/(((-6)/h)/(-20))?
2, 3, 5
Suppose 7644 = -207*a + 211*a. List the prime factors of a.
3, 7, 13
Suppose -6*q = -14*q. Suppose 0 = -2*n + 2*a + 182 - 12, q = n - 4*a - 100. What are the prime factors of n?
2, 5
Let s = 7 + -2. Suppose 54 = -3*n - s*k, 5*n - k + 2*k + 112 = 0. Let v = n + 66. List the prime factors of v.
43
Let h(d) = d**2 + 44. Let x be h(0). Suppose 10*j = 6*j + x. Let r = j - -60. List the prime factors of r.
71
Let z = -115 - -1200. What are the prime factors of z?
5, 7, 31
Suppose -2*y - f = -6*f - 745, 0 = 4*y - f - 1481. List the prime factors of y.
2, 5, 37
Let r(v) = 5*v - 1 + 0 + 2 - 3. Let g(d) = d**3 - 7*d**2 - 9*d + 12. Let m be g(8). List the prime factors of r(m).
2, 3
Suppose f - 1 = -21. Let d = f - -143. What are the prime factors of d?
3, 41
Let q(g) = -88*g + 40. Let u be q(-4). Suppose -2*f + 0*o = 2*o - u, o + 992 = 5*f. What are the prime factors of f?
2, 3, 11
Let i(m) = -m**2 - 12*m - 17. Let w be i(-11). List the prime factors of 79 + (-2 - w/3).
79
Let o = -4 + -11. What are the prime factors of (-1464)/o + 9/(-15)?
97
Suppose -2*t = 2*s - 760, -2*t + 2*s = -0*t - 764. Suppose 13*q - 10*q = t. List the prime factors of q.
127
Suppose 163 = -8*c + 7*c. Let y = c + 293. List the prime factors of y.
2, 5, 13
Let h = 297 + -49. What are the prime factors of h?
2, 31
Suppose -4170 = -13*o + 1875. List the prime factors of o.
3, 5, 31
Suppose v - 5*g - 29 = 0, 4*g + 31 = v + 7. Suppose v = o + 9, -o = -4*q + 25. Suppose 0 = q*y + 35 - 115. What are the prime factors of y?
2
Suppose 62*p - 2*z + 8706 = 64*p, 4*p = -z + 17418. List the prime factors of p.
5, 13, 67
Suppose u = h - 10, -2*h - u + 0*u = -11. Suppose 2 = 3*q - h. Suppose -3*o = -2*r - 117, 5*o - 78 = q*o + r. What are the prime factors of o?
3, 13
Let c(x) = -11*x. Let q be c(-1). Suppose 2*f - 71 = -q. What are the prime factors of f?
2, 3, 5
Let x = -6 + 9. Suppose x = -c + 5. List the prime factors of 11 - (-2 + c + -3).
2, 7
Suppose -15 = 11*x - 6*x. List the prime factors of 852/9 + -6 + 2/x.
2, 11
What are the prime factors of ((-700)/(-3))/(20/60)?
2, 5, 7
Suppose -34*g + 152406 = 18480. What are the prime factors of g?
3, 13, 101
Suppose -5*s - r + 121 = 0, 5*r = -4*s + 56 + 24. Let h = s + -15. List the prime factors of h.
2, 5
Let t(a) = a + 7. Let m be t(-10). Let j be 1 - (6/m + -1). Suppose j = v + 3*q - q, -3*v = -5*q - 1. List the prime factors of v.
2
Suppose 9*i = 6*i + 5*i. Suppose i = -5*a - 72 + 722. What are the prime factors of a?
2, 5, 13
Let d(c) be the third derivative of c**4/12 - 2*c**3 + 5*c**2. Let r be d(8). Suppose r*l + 26 - 42 = 0. What are the prime factors of l?
2
List the prime factors of (8823/34)/(((-12)/(-104))/1).
13, 173
Let t = -9 - -14. Let b(r) = 3*r**2 - 3*r - 9. What are the prime factors of b(t)?
3, 17
Let o be (-14280)/270 - (-1)/(-9). Let a = o + 352. What are the prime factors of a?
13, 23
Let r(d) be the first derivative of -2*d**3/3 - 3*d**2/2 + 7*d - 2. Let k be r(-5). Let l = k + 92. What are the prime factors of l?
2
List the prime factors of (-87)/(-3) + 4/(-2 - -4).
31
Let i = -25 - -80. Suppose i = 2*s - 45. What are the prime factors of s?
2, 5
Suppose -4*k + 6*k - 556 = 0. Let h = k - 161. List the prime factors of h.
3, 13
Let l(c) = 2*c**2 + 6*c + 2. Let p = 12 + -18. What are the prime factors of l(p)?
2, 19
Let q(d) = -d**3 - 11*d**2 - 3*d + 1. Let x be q(-10). Let w = 143 + x. List the prime factors of w.
2, 37
Suppose 0 = -3*b + 14 + 79. Suppose 4*a + b = 239. What are the prime factors of a?
2, 13
Let n be (0/7)/(0 - 1). Suppose 240 = -n*v - 4*v. Let x = 89 + v. What are the prime factors of x?
29
Suppose 246*z - 2092 = 244*z. List the prime factors of z.
2, 523
Suppose 2*v + 11 + 45 = 0. Let u be 3/12 + (-1449)/v. Suppose 2*d = u + 52. What are the prime factors of d?
2, 13
Let v(j) = 1139*j**2 - 27*j - 7. List the prime factors of v(2).
5, 29, 31
Let k = 295 + -184. Suppose -4*l + 410 = -y - 2*y, -l = -5*y - k. List the prime factors of l.
101
Let n = 2180 + -1212. What are the prime factors of n?
2, 11
What are the prime factors of (-4)/14 + (-9009)/(-147)?
61
Let v(d) = 101*d - 614. What are the prime factors of v(38)?
2, 13, 31
Let w be 86/8 - 4/(-16). Let f = w + -7. Let x = f - 2. What are the prime factors of x?
2
Let z be (-485)/(-1) - (2 - -1). Suppose 3*b + 557 = 4*t, 4*t - 78 = 4*b + z. Suppose -t = -3*y + 4*a, 48 = 3*y + a - 64. What are the prime factors of y?
3, 13
Suppose 10*z - 9*z = -2*s + 6035, 4*z - s = 24095. What are the prime factors of z?
5, 241
Let l = 4783 + -2479. What are the prime factors of l?
2, 3
Suppose 4*s = 8*s - 4*m - 1208, -2*m + 2 = 0. List the prime factors of s.
3, 101
Let v = -227 - -319. What are the prime factors of v?
2, 23
Suppose 3*f = -0 + 18. Let g be f/(-9) + (-22)/(-6). Let r(i) = 2*i**3 - 2*i**2 - 2*i + 4. What are the prime factors of r(g)?
2, 17
Let y(m) = 214*m**2 - 12*m - 6. What are the prime factors of y(-3)?
2, 3, 163
Let i(d) = -3 + 0 - 3*d - 6 - 6. Let b be i(-6). Suppose b*z - 3*o - 61 = 11, 2*z = -5*o + 27. What are the prime factors of z?
3, 7
Suppose -10*m = 1328 + 412. Let u = 244 + m. List the prime factors of u.
2, 5, 7
Let b be 214/12 - 1/(-6). Suppose f = -0*i + 3*i - 24, 0 = -3*i + 3*f + b. What are the prime factors of i?
3
Let p be (-1 - -1) + 10/(1 - -1). Suppose -p*g + 0*g = -2*a - 230, -46 = -g - 5*a. List the prime factors of g.
2, 23
Let m = -4 + 10. Suppose -7*p + m*p + 86 = w, 3*w - 268 = 2*p. List the prime factors of w.
2, 11
Let t = 28 + -23. Suppose 2*l + 2*n = 30, -2*l = -5*n - 25 - t. List the prime factors of l.
3, 5
Suppose 0 = 5*v - 5 - 15. Let p(h) = 5 - h + 5 + v - 1. What are the prime factors of p(8)?
5
Let o(s) = -s**3 - 2*s**2 + 99. List th